{"id":9881,"date":"2023-09-13T22:06:11","date_gmt":"2023-09-13T20:06:11","guid":{"rendered":"https:\/\/lukedivewalker.com\/?page_id=9881"},"modified":"2023-09-13T22:22:52","modified_gmt":"2023-09-13T20:22:52","slug":"slubny-deepspot","status":"publish","type":"page","link":"https:\/\/lukedivewalker.com\/?page_id=9881","title":{"rendered":"\u015alubny Deepspot"},"content":{"rendered":"<p>[vc_row][vc_column][phoxy_banner style_banner=&#8221;simple&#8221; title=&#8221;Dive.by.Ann &amp; Luke Divewalker got married!&#8221; subtitle=&#8221;Wedding session \/ Deepspot&#8221; text=&#8221;Fotorelacja z wypadu do Deepspotu w ramach poprawin po \u015blubie Ani i moim. Si\u0142\u0105 rzeczy, nie wszystkie zdj\u0119cia s\u0105 moje, ale wszystkie &#8230; wykonane moim aparatem \ud83d\ude42 W zwi\u0105zku z tym specjalne podzi\u0119kowania dla Wojtka i Jarka, kt\u00f3rzy sprawili, \u017ce mog\u0142em si\u0119 pojawi\u0107 na kilku fotografiach &#8211; pono\u0107 jest to do\u015b\u0107 wa\u017cne na w\u0142asnym \u015blubie ;)&#8221; image=&#8221;9908&#8243;][\/vc_column][\/vc_row][vc_row][vc_column][phoxy_gallery type=&#8221;tilt_gallery&#8221; images=&#8221;9897,9896,9895,9894,9893,9892,9891,9885,9886,9887,9888,9889,9890,9902,9903,9904,9905,9913,9932,9933,9912,9910,9909,9908,9907,9906,9914,9916,9917,9918,9919,9920,9921,9928,9927,9926,9925,9924,9923,9922&#8243;][\/vc_column][\/vc_row][vc_row][vc_column][phoxy_instagram style=&#8221;style1&#8243; username=&#8221;luke.divewalker&#8221;][\/vc_column][\/vc_row]<\/p>\n","protected":false},"excerpt":{"rendered":"<p>[vc_row][vc_column][phoxy_banner style_banner=&#8221;simple&#8221; title=&#8221;Dive.by.Ann &amp; Luke Divewalker got married!&#8221; subtitle=&#8221;Wedding session \/ Deepspot&#8221; text=&#8221;Fotorelacja z wypadu do Deepspotu w ramach poprawin po \u015blubie Ani i moim. Si\u0142\u0105 rzeczy, nie wszystkie zdj\u0119cia s\u0105 moje, ale wszystkie &#8230; wykonane moim aparatem \ud83d\ude42 W zwi\u0105zku z tym specjalne podzi\u0119kowania dla Wojtka i Jarka, kt\u00f3rzy sprawili, \u017ce mog\u0142em si\u0119 pojawi\u0107 &#8230;<\/p>\n","protected":false},"author":3,"featured_media":0,"parent":0,"menu_order":0,"comment_status":"closed","ping_status":"closed","template":"","meta":{"footnotes":""},"class_list":["post-9881","page","type-page","status-publish","hentry"],"featured_image_src":null,"featured_image_src_square":null,"_links":{"self":[{"href":"https:\/\/lukedivewalker.com\/index.php?rest_route=\/wp\/v2\/pages\/9881","targetHints":{"allow":["GET"]}}],"collection":[{"href":"https:\/\/lukedivewalker.com\/index.php?rest_route=\/wp\/v2\/pages"}],"about":[{"href":"https:\/\/lukedivewalker.com\/index.php?rest_route=\/wp\/v2\/types\/page"}],"author":[{"embeddable":true,"href":"https:\/\/lukedivewalker.com\/index.php?rest_route=\/wp\/v2\/users\/3"}],"replies":[{"embeddable":true,"href":"https:\/\/lukedivewalker.com\/index.php?rest_route=%2Fwp%2Fv2%2Fcomments&post=9881"}],"version-history":[{"count":9,"href":"https:\/\/lukedivewalker.com\/index.php?rest_route=\/wp\/v2\/pages\/9881\/revisions"}],"predecessor-version":[{"id":9934,"href":"https:\/\/lukedivewalker.com\/index.php?rest_route=\/wp\/v2\/pages\/9881\/revisions\/9934"}],"wp:attachment":[{"href":"https:\/\/lukedivewalker.com\/index.php?rest_route=%2Fwp%2Fv2%2Fmedia&parent=9881"}],"curies":[{"name":"wp","href":"https:\/\/api.w.org\/{rel}","templated":true}]}}