{"id":9127,"date":"2023-06-20T23:00:59","date_gmt":"2023-06-20T21:00:59","guid":{"rendered":"https:\/\/lukedivewalker.com\/?page_id=9127"},"modified":"2023-07-04T07:59:51","modified_gmt":"2023-07-04T05:59:51","slug":"luke_divewalker_lukasz_metrycki_egipt_shagra","status":"publish","type":"page","link":"https:\/\/lukedivewalker.com\/?page_id=9127","title":{"rendered":"Egipt \/ Marsa Shagra"},"content":{"rendered":"<p>[vc_row][vc_column][phoxy_banner style_banner=&#8221;parallax&#8221; overlay=&#8221;yes&#8221; title=&#8221;EGIPT SHAGRA&#8221; subtitle=&#8221;Nielimitowane nurkowania od \u015bwitu do zmierzchu&#8221; text=&#8221;Eco camp Marsa Shagra le\u017cy w naturalnej zatoce, bezpo\u015brednio przy pi\u0119knej rafie opadaj\u0105cej do 40-50m, na kt\u00f3rej go\u015bcie maj\u0105 mo\u017cliwo\u015b\u0107 nielimitowanego nurkowania &#8211; zamieszkuj\u0105 tu liczne gatunki zwierz\u0105t morskich oraz pi\u0119kne odmiany koralowc\u00f3w! Cz\u0119stymi go\u015b\u0107mi s\u0105 delfiny, bia\u0142o i czarnop\u0142etwe rekiny rafowe, \u017c\u00f3\u0142wie, napoleony, wielkie \u017c\u00f3\u0142wie zielone, krowy morskie, manty, oraz w okresie od IV-VI rekiny wielorybie!<\/p>\n<p>Rok wyprawy: 2022<br \/>\nAparat: Sony A6000&#8243; image=&#8221;9438&#8243;][\/vc_column][\/vc_row][vc_row][vc_column][phoxy_gallery type=&#8221;tilt_gallery&#8221; images=&#8221;9611,9609,9435,9455,9436,9612,9437,9438,9439,9440,9441,9442,9443,9608,9610,9444,9445,9446,9456,9447,9448,9449,9450,9451,9452,9453,9454,9457&#8243;][\/vc_column][\/vc_row][vc_row][vc_column][phoxy_instagram style=&#8221;style1&#8243; username=&#8221;luke.divewalker&#8221;][\/vc_column][\/vc_row]<\/p>\n","protected":false},"excerpt":{"rendered":"<p>[vc_row][vc_column][phoxy_banner style_banner=&#8221;parallax&#8221; overlay=&#8221;yes&#8221; title=&#8221;EGIPT SHAGRA&#8221; subtitle=&#8221;Nielimitowane nurkowania od \u015bwitu do zmierzchu&#8221; text=&#8221;Eco camp Marsa Shagra le\u017cy w naturalnej zatoce, bezpo\u015brednio przy pi\u0119knej rafie opadaj\u0105cej do 40-50m, na kt\u00f3rej go\u015bcie maj\u0105 mo\u017cliwo\u015b\u0107 nielimitowanego nurkowania &#8211; zamieszkuj\u0105 tu liczne gatunki zwierz\u0105t morskich oraz pi\u0119kne odmiany koralowc\u00f3w! Cz\u0119stymi go\u015b\u0107mi s\u0105 delfiny, bia\u0142o i czarnop\u0142etwe rekiny rafowe, \u017c\u00f3\u0142wie, napoleony, &#8230;<\/p>\n","protected":false},"author":1,"featured_media":0,"parent":0,"menu_order":0,"comment_status":"closed","ping_status":"closed","template":"","meta":{"footnotes":""},"class_list":["post-9127","page","type-page","status-publish","hentry"],"featured_image_src":null,"featured_image_src_square":null,"_links":{"self":[{"href":"https:\/\/lukedivewalker.com\/index.php?rest_route=\/wp\/v2\/pages\/9127","targetHints":{"allow":["GET"]}}],"collection":[{"href":"https:\/\/lukedivewalker.com\/index.php?rest_route=\/wp\/v2\/pages"}],"about":[{"href":"https:\/\/lukedivewalker.com\/index.php?rest_route=\/wp\/v2\/types\/page"}],"author":[{"embeddable":true,"href":"https:\/\/lukedivewalker.com\/index.php?rest_route=\/wp\/v2\/users\/1"}],"replies":[{"embeddable":true,"href":"https:\/\/lukedivewalker.com\/index.php?rest_route=%2Fwp%2Fv2%2Fcomments&post=9127"}],"version-history":[{"count":12,"href":"https:\/\/lukedivewalker.com\/index.php?rest_route=\/wp\/v2\/pages\/9127\/revisions"}],"predecessor-version":[{"id":9830,"href":"https:\/\/lukedivewalker.com\/index.php?rest_route=\/wp\/v2\/pages\/9127\/revisions\/9830"}],"wp:attachment":[{"href":"https:\/\/lukedivewalker.com\/index.php?rest_route=%2Fwp%2Fv2%2Fmedia&parent=9127"}],"curies":[{"name":"wp","href":"https:\/\/api.w.org\/{rel}","templated":true}]}}