{"id":10188,"date":"2023-12-22T13:21:19","date_gmt":"2023-12-22T12:21:19","guid":{"rendered":"https:\/\/lukedivewalker.com\/?page_id=10188"},"modified":"2023-12-22T13:24:24","modified_gmt":"2023-12-22T12:24:24","slug":"palau","status":"publish","type":"page","link":"https:\/\/lukedivewalker.com\/?page_id=10188","title":{"rendered":"Palau"},"content":{"rendered":"<p>[vc_row][vc_column][phoxy_banner style_banner=&#8221;parallax&#8221; title=&#8221;Palau&#8221; text=&#8221;Stada szarych rekin\u00f3w, show z mantami, jezioro meduz, &#8222;broku\u0142y&#8222; wystaj\u0105ce z osza\u0142amiaj\u0105co b\u0142\u0119kitnej wody &#8211; witamy na ko\u0144cu \u015bwiata.<br \/>\nRok wyprawy: 2023<br \/>\nAparat: Sony A6300<br \/>\n*Zdj\u0119cie z drona: Jarek &#8222;Bochenek&#8222;&#8221; subtitle=&#8221;Tropikalne akwarium na kra\u0144cu \u015bwiata&#8221; image=&#8221;10189&#8243;][\/vc_column][\/vc_row][vc_row][vc_column][phoxy_gallery type=&#8221;modern_gallery&#8221; images=&#8221;10184,10178,10175,10140,10156,10185,10115,10187,10180,10113,10181,10158,10114,10179,10177,10176,10129,10139,10168,10169,10170,10151,10171,10172,10173,10131,10174,10167,10166,10165,10164,10186,10141,10163,10162,10161,10154,10155,10157,10159,10160,10153,10152,10150,10149,10148,10147,10142,10143,10138,10137,10111,10144,10145,10146,10136,10135,10134,10133,10126,10127,10109,10128,10130,10132,10125,10124,10123,10122,10121,10120,10182,10119,10112,10116,10183,10117,10118,10110&#8243;][\/vc_column][\/vc_row][vc_row][vc_column][phoxy_instagram style=&#8221;style1&#8243; username=&#8221;luke.divewalker&#8221;][\/vc_column][\/vc_row]<\/p>\n","protected":false},"excerpt":{"rendered":"<p>[vc_row][vc_column][phoxy_banner style_banner=&#8221;parallax&#8221; title=&#8221;Palau&#8221; text=&#8221;Stada szarych rekin\u00f3w, show z mantami, jezioro meduz, &#8222;broku\u0142y&#8222; wystaj\u0105ce z osza\u0142amiaj\u0105co b\u0142\u0119kitnej wody &#8211; witamy na ko\u0144cu \u015bwiata. Rok wyprawy: 2023 Aparat: Sony A6300 *Zdj\u0119cie z drona: Jarek &#8222;Bochenek&#8222;&#8221; subtitle=&#8221;Tropikalne akwarium na kra\u0144cu \u015bwiata&#8221; image=&#8221;10189&#8243;][\/vc_column][\/vc_row][vc_row][vc_column][phoxy_gallery type=&#8221;modern_gallery&#8221; images=&#8221;10184,10178,10175,10140,10156,10185,10115,10187,10180,10113,10181,10158,10114,10179,10177,10176,10129,10139,10168,10169,10170,10151,10171,10172,10173,10131,10174,10167,10166,10165,10164,10186,10141,10163,10162,10161,10154,10155,10157,10159,10160,10153,10152,10150,10149,10148,10147,10142,10143,10138,10137,10111,10144,10145,10146,10136,10135,10134,10133,10126,10127,10109,10128,10130,10132,10125,10124,10123,10122,10121,10120,10182,10119,10112,10116,10183,10117,10118,10110&#8243;][\/vc_column][\/vc_row][vc_row][vc_column][phoxy_instagram style=&#8221;style1&#8243; username=&#8221;luke.divewalker&#8221;][\/vc_column][\/vc_row]<\/p>\n","protected":false},"author":3,"featured_media":0,"parent":0,"menu_order":0,"comment_status":"closed","ping_status":"closed","template":"","meta":{"footnotes":""},"class_list":["post-10188","page","type-page","status-publish","hentry"],"featured_image_src":null,"featured_image_src_square":null,"_links":{"self":[{"href":"https:\/\/lukedivewalker.com\/index.php?rest_route=\/wp\/v2\/pages\/10188","targetHints":{"allow":["GET"]}}],"collection":[{"href":"https:\/\/lukedivewalker.com\/index.php?rest_route=\/wp\/v2\/pages"}],"about":[{"href":"https:\/\/lukedivewalker.com\/index.php?rest_route=\/wp\/v2\/types\/page"}],"author":[{"embeddable":true,"href":"https:\/\/lukedivewalker.com\/index.php?rest_route=\/wp\/v2\/users\/3"}],"replies":[{"embeddable":true,"href":"https:\/\/lukedivewalker.com\/index.php?rest_route=%2Fwp%2Fv2%2Fcomments&post=10188"}],"version-history":[{"count":5,"href":"https:\/\/lukedivewalker.com\/index.php?rest_route=\/wp\/v2\/pages\/10188\/revisions"}],"predecessor-version":[{"id":10194,"href":"https:\/\/lukedivewalker.com\/index.php?rest_route=\/wp\/v2\/pages\/10188\/revisions\/10194"}],"wp:attachment":[{"href":"https:\/\/lukedivewalker.com\/index.php?rest_route=%2Fwp%2Fv2%2Fmedia&parent=10188"}],"curies":[{"name":"wp","href":"https:\/\/api.w.org\/{rel}","templated":true}]}}